{"id":709,"date":"2022-11-18T10:39:11","date_gmt":"2022-11-18T06:39:11","guid":{"rendered":"https:\/\/linkit.re\/?page_id=709"},"modified":"2022-11-18T21:09:12","modified_gmt":"2022-11-18T17:09:12","slug":"mentions-legales","status":"publish","type":"page","link":"https:\/\/linkit.re\/index.php\/mentions-legales\/","title":{"rendered":"Mentions L\u00e9gales"},"content":{"rendered":"\n<p class=\"has-text-align-center\"><br>Conform\u00e9ment aux dispositions des Articles 6-III et 19 de la Loi n\u00b02004-575 du 21 juin 2004 pour la<br>Confiance dans l\u2019\u00e9conomie num\u00e9rique, dite L.C.E.N., il est port\u00e9 \u00e0 la connaissance des utilisateurs et<br>visiteurs, ci-apr\u00e8s \u00ab\u00a0L&rsquo;utilisateur\u00a0\u00bb, du site linkit.re , ci-apr\u00e8s le \u00ab\u00a0site\u00a0\u00bb, les pr\u00e9sentes mentions l\u00e9gales.<br>La connexion et la navigation sur le Site par l\u2019Utilisateur implique acceptation int\u00e9grale et sans r\u00e9serve<br>des pr\u00e9sentes mentions l\u00e9gales.<br>Ces derni\u00e8res sont accessibles sur le site \u00e0 la rubrique \u00ab Mentions l\u00e9gales \u00bb.<br><\/p>\n\n\n\n<p class=\"has-text-align-center\"><strong>ARTICLE 1 &#8211; L&rsquo;EDITEUR<\/strong><br>L&rsquo;\u00e9dition du Site est assur\u00e9e par Link IT SARL au capital de 1000 euros, immatricul\u00e9e au Registre du<br>Commerce et des Soci\u00e9t\u00e9s de Saint Denis de La R\u00e9union sous le num\u00e9ro 794 728 154 dont le si\u00e8ge<br>social est situ\u00e9 au 42 T Rue Sarda Garriga 97419 La Possession,<br>Num\u00e9ro de t\u00e9l\u00e9phone 06.92.48.99.79,<br>Adresse e-mail : contact@linkit.re.<br>N\u00b0 de TVA intracommunautaire : FR-37794728154<br>Le Directeur de la publication est Mr Ren\u00e9-Paul ETIENNE<br>ci-apr\u00e8s \u00ab\u00a0L&rsquo;\u00e9diteur\u00a0\u00bb.<br><\/p>\n\n\n\n<p class=\"has-text-align-center\"><strong>ARTICLE 2 &#8211; L&rsquo;HEBERGEUR<\/strong><br>L&rsquo;h\u00e9bergeur du Site est la soci\u00e9t\u00e9 SAS OVH, dont le si\u00e8ge social est situ\u00e9 au 2 rue Kellermann &#8211;<br>59100 Roubaix &#8211; France , avec le num\u00e9ro de t\u00e9l\u00e9phone : <strong><em><strong><em>&nbsp;<\/em><\/strong><\/em><\/strong>09.72.10.10.07<br><\/p>\n\n\n\n<p class=\"has-text-align-center\"><strong>ARTICLE 3 &#8211; ACCES AU SITE<\/strong><br>Le Site est accessible en tout endroit, 7j\/7, 24h\/24 sauf cas de force majeure, interruption<br>programm\u00e9e ou non et pouvant d\u00e9coulant d\u2019une n\u00e9cessit\u00e9 de maintenance.<br>En cas de modification, interruption ou suspension du Site, l&rsquo;\u00e9diteur ne saurait \u00eatre tenu responsable.<br><\/p>\n\n\n\n<p class=\"has-text-align-center\"><strong>ARTICLE 4 &#8211; COLLECTE DES DONNEES<\/strong><br>Le Site assure \u00e0 l&rsquo;utilisateur une collecte et un traitement d&rsquo;informations personnelles dans le respect<br>de la vie priv\u00e9e conform\u00e9ment \u00e0 la loi n\u00b078-17 du 6 janvier 1978 relative \u00e0 l&rsquo;informatique, aux fichiers<br>et aux libert\u00e9s.<br>En vertu de la loi Informatique et Libert\u00e9s, en date du 6 janvier 1978, l&rsquo;Utilisateur dispose d&rsquo;un droit<br>d&rsquo;acc\u00e8s, de rectification, de suppression et d&rsquo;opposition de ses donn\u00e9es personnelles. <\/p>\n\n\n\n<p class=\"has-text-align-center\">L&rsquo;utilisateur exerce ce droit :<br>&#8211; par mail \u00e0 l&rsquo;adresse email contact@linkit.re<br>&#8211; via un formulaire de contact ;<br>Toute utilisation, reproduction, diffusion, commercialisation, modification de toute ou partie du site,<br>sans autorisation de l\u2019\u00e9diteur est prohib\u00e9e et pourra entra\u00een\u00e9e des actions et poursuites judiciaires<br>telles que notamment pr\u00e9vues par le Code de la propri\u00e9t\u00e9 intellectuelle et le Code civil.<\/p>\n","protected":false},"excerpt":{"rendered":"<p>Conform\u00e9ment aux dispositions des Articles 6-III et 19 de la Loi n\u00b02004-575 du 21 juin 2004 pour laConfiance dans l\u2019\u00e9conomie num\u00e9rique, dite L.C.E.N., il est port\u00e9 \u00e0 la connaissance des utilisateurs etvisiteurs, ci-apr\u00e8s \u00ab\u00a0L&rsquo;utilisateur\u00a0\u00bb, du site linkit.re , ci-apr\u00e8s le \u00ab\u00a0site\u00a0\u00bb, les pr\u00e9sentes mentions l\u00e9gales.La connexion et la navigation sur le Site par l\u2019Utilisateur implique&hellip; <br \/> <a class=\"button small blue\" href=\"https:\/\/linkit.re\/index.php\/mentions-legales\/\">Lire la suite<\/a><\/p>\n","protected":false},"author":2,"featured_media":0,"parent":0,"menu_order":0,"comment_status":"closed","ping_status":"closed","template":"","meta":{"footnotes":""},"class_list":["post-709","page","type-page","status-publish","hentry"],"_links":{"self":[{"href":"https:\/\/linkit.re\/index.php\/wp-json\/wp\/v2\/pages\/709","targetHints":{"allow":["GET"]}}],"collection":[{"href":"https:\/\/linkit.re\/index.php\/wp-json\/wp\/v2\/pages"}],"about":[{"href":"https:\/\/linkit.re\/index.php\/wp-json\/wp\/v2\/types\/page"}],"author":[{"embeddable":true,"href":"https:\/\/linkit.re\/index.php\/wp-json\/wp\/v2\/users\/2"}],"replies":[{"embeddable":true,"href":"https:\/\/linkit.re\/index.php\/wp-json\/wp\/v2\/comments?post=709"}],"version-history":[{"count":11,"href":"https:\/\/linkit.re\/index.php\/wp-json\/wp\/v2\/pages\/709\/revisions"}],"predecessor-version":[{"id":737,"href":"https:\/\/linkit.re\/index.php\/wp-json\/wp\/v2\/pages\/709\/revisions\/737"}],"wp:attachment":[{"href":"https:\/\/linkit.re\/index.php\/wp-json\/wp\/v2\/media?parent=709"}],"curies":[{"name":"wp","href":"https:\/\/api.w.org\/{rel}","templated":true}]}}